Let l(d) = 4*d - 5. Let u be l(3). Let s be (-18)/(-36)*(u + -1). Calculate a(s).
1
Let o(a) = -a + 4. Let x(c) = 12*c + 7. Let q(s) = -35*s - 21. Let h(y) = -6*q(y) - 17*x(y). Suppose -m - 4*u = 2, 3*m + 2 + 4 = u. Let t be h(m). What is o(t)?
9
Let s(b) = 13*b**3 + 69*b**2 + 113*b - 56. Let t(d) = -5*d**3 - 24*d**2 - 38*d + 19. Let n(r) = 3*s(r) + 8*t(r). Determine n(17).
1
Let p(y) be the second derivative of -y**4/6 + 5*y**3/6 - y**2/2 + 398*y. Give p(4).
-13
Let f = -624 - -623. Let z(y) = -y**3 + 6*y**2 - 5*y + 4. Let a be z(5). Let h(p) = 1 - 4 + 9*p + a. Give h(f).
-8
Let y = 111 + -109. Suppose 3*o = -2*o + y*o. Let p(r) = r**2 + r + 6. Determine p(o).
6
Let w = -4740 - -4733. Let y(k) = 5*k**2 + 8*k**2 - 6*k**2 + 10 + k**3 + 2*k. Calculate y(w).
-4
Let o(r) = 21*r + 5. Let m(g) be the third derivative of 11*g**4/12 + g**3 - 9*g**2. Let z(v) = -6*m(v) + 7*o(v). Determine z(-1).
-16
Let i(z) = 2 - 3 - 5*z**2 - 2*z + 9*z**2. Calculate i(-2).
19
Let f(j) be the third derivative of j**6/120 - 11*j**5/60 + j**4/24 - 13*j**3/6 - 69*j**2. Give f(11).
-2
Let j(o) = -3*o**2 + 26*o - 45. Let r be j(7). Let x(f) = f**2 + 9*f - 13. What is x(r)?
-3
Let z(x) = -3*x**2. Let u = 23 + -15. Let q = u - 10. Calculate z(q).
-12
Let n(b) = 2*b**3 - 4*b**2 + 5*b - 6. Let l be 1420/497 - 1/(-7). Calculate n(l).
27
Suppose -5*d = 3*f - 80, d - 40 = -5*f - 2. Let g(s) = 2*s - 24. Calculate g(d).
2
Suppose 0 = -297*s + 300*s + 24. Let n(v) = v**3 + 7*v**2 - 5*v + 7. Determine n(s).
-17
Suppose -2*a - 4*a + 60 = 0. Suppose a = -w - w. Let g(n) = n**3 + 4*n**2 - 5*n + 2. Calculate g(w).
2
Let l(n) = 5 + 4 - 1 - 13*n - 7. Give l(1).
-12
Let v be ((-6)/(-12))/(3/96). Let n = -1 - v. Let q = 20 + n. Let d(s) = 3*s - 2. What is d(q)?
7
Let r(l) = -l**3 + 9*l**2 - 10*l + 11. Let m = 35 + -27. Let w be r(m). Let g(i) = i + 3. Give g(w).
-2
Let p = 500 + -500. Suppose 5*q + 2 - 12 = 0. Let f(r) = -4*r**2 - 2*r - 1. Let c(s) = -3*s**2 - s - 2. Let t(n) = q*f(n) - 3*c(n). What is t(p)?
4
Let b(m) = m + 2. Let j(o) = -2*o**3 + o**2 - 13*o - 9. Let v(y) = y**3 + 6*y + 4. Let z(x) = 4*j(x) + 9*v(x). Let s be z(-3). What is b(s)?
5
Let w(b) = b - 9. Let k(u) = -8*u + 25. Let j(p) = -k(p) - 3*w(p). Calculate j(3).
17
Suppose 0 = -2110*w + 2105*w. Let m(o) = 5 + 3*o - 6*o + 2*o. Calculate m(w).
5
Suppose -33 = 3*x - 3*c, -5*c = -17 + 7. Let b(p) = p - 1. Give b(x).
-10
Suppose -5*k = -0*k - 15. Let i(z) = -3*z. Let j(y) = 13*y. Let l(d) = 18*i(d) + 4*j(d). Let g(c) = -3*c - 1. Let p(b) = k*g(b) - 5*l(b). Calculate p(0).
-3
Let p(n) = -n - 4. Let r(q) = -6*q - 28. Let u(c) = -5*p(c) + r(c). Calculate u(4).
-12
Let v(u) = u**3 + 5*u**2 + 5*u + 4. Let l(k) = k**3 + 8*k**2 + 7*k - 4. Let b = 50 + -40. Suppose -b + 3 = h. Let d be l(h). What is v(d)?
0
Suppose -17*t = -13*t. Let x(b) = t*b - 3 - 4*b + 5*b**2 + 0*b - b**3. Determine x(4).
-3
Let x(y) = y**3 + 7*y**2 - 7*y + 9. Suppose 2*v + 6 = 0, -o - 5*v - 27 = -4*o. Let c be 1 + 2 + 14 + o. Let j = c - 29. Determine x(j).
1
Let k(p) = -2*p**3 + 21*p**2 - 9*p - 10. Let f = -30 + 40. Let o be k(f). Let j(g) = 2 + 0 - g + 1. Calculate j(o).
3
Let v(r) = -5*r - 2. Let h be (-11)/(-22) + 2/4. Suppose 2*q + h - 3 = 0. Let j be q/((-9)/6 - -1). Calculate v(j).
8
Let h(j) = j - 3. Let y(f) = 2*f - 16. Let x(n) = 3*h(n) - y(n). Let u be (12/(-9))/(2/6). Let a be (-2)/u*(4 + -4). What is x(a)?
7
Let b(i) be the second derivative of -1/6*i**3 + 0 - 3*i + 2*i**2 + 1/12*i**4. Let p(f) be the first derivative of b(f). What is p(-1)?
-3
Let o(q) be the first derivative of 2*q**2 + 41*q + 181. What is o(-10)?
1
Let z(x) = x**2 - 5*x + 3. Suppose 11*d + 21 = 4*d. Let m be 3 - (d - (2 + -3)). Give z(m).
3
Let r(w) = 2 + 3 + 2*w + 4 - 23. Give r(7).
0
Let q(c) = -c**3 + 9*c**2 - 6*c - 11. Let h be q(8). Suppose -2*y = -2*j - 2, -y + h*j - 24 + 9 = 0. Let t(g) = 6 - 2*g + 6*g - y*g. What is t(6)?
0
Let h(c) = -2*c - 29 - 34 + 61. Suppose -2*f + y = -2, f + 1 = -4*f + 4*y. Suppose -3*s = -8*s + f*i - 34, -12 = -4*i. Give h(s).
8
Let c(w) = -2*w**3 + 165*w**2 + 81*w + 157. Let v be c(83). Let k(s) = -3 - s - 10 + 0*s. Determine k(v).
-4
Let l(k) = -k**2 + 12*k + 13. Let p be l(11). Let f = p + -21. Let w(h) = -h**3 + 3*h**2 + 4*h - 1. Determine w(f).
11
Let g(k) = 4*k**2 - 10*k. Let x(i) = i**2 - i. Let b(c) = -g(c) + 3*x(c). Give b(8).
-8
Let s(i) = 9*i + 1. Suppose -8 = j + 3*r, 0*j - 5*r - 4 = -3*j. Calculate s(j).
-17
Let l(s) = -10*s**2 + 14*s - 31. Suppose -2*h + 7 = -3*n + 2*n, -5*h = -5*n - 30. Let k(d) = 7*d**2 - 9*d + 21. Let i(o) = n*l(o) - 7*k(o). Give i(6).
2
Let p be (-80)/(-35) + 2/(-7). Let m(k) = 1 - 5*k + 0*k**3 + k**3 + 4*k + 2*k. Determine m(p).
11
Let v(m) = 11*m + 8. Let j(q) = -1 + 5*q + 5*q + 8. Let y(n) = -n**3 + 8*n**2 + n - 3. Let w be y(8). Let x(u) = w*j(u) - 4*v(u). What is x(-2)?
-9
Let k = 29 + -33. Let o(i) = -i**3 - 4*i**2 - 2*i + 2. What is o(k)?
10
Let n be (4/(-8))/((-26)/(-780)). Let s(j) = -j**3 - 14*j**2 + 14*j - 10. Calculate s(n).
5
Let l(q) be the second derivative of q**4/12 - q**3/6 - q**2 + 28*q. Suppose 0 = -w - 0*w - 3. What is l(w)?
10
Let r be (-15)/(-2) - (-8)/(240/(-45)). Let y(h) be the first derivative of -7 + h**3 - r*h + 1/4*h**4 - 7/2*h**2. What is y(-4)?
6
Let k(t) be the first derivative of 6 - 1/6*t**3 - 5*t - 11/2*t**2. Let g(v) be the first derivative of k(v). Calculate g(-6).
-5
Let w = -29 + 28. Let y(n) = 16*n - 10*n**3 - 9*n - 8*n. Calculate y(w).
11
Suppose -4*f - f - 4*x = -15, -5*f = -x + 10. Let c(r) = 4*r**3 - 7*r**2 - 8*r - 1. Let v(o) = o**3 - o**2 - o. Let y(k) = c(k) - 6*v(k). Give y(f).
2
Let t(q) = 5*q + 10*q - 16*q - 5. Calculate t(-4).
-1
Let u(f) = -44*f**2 + 34*f**2 - 9 + f**3 + 16*f - 5*f. Determine u(9).
9
Let o(h) = h. Suppose 2*w + w = 0. Let v be o(w). Let g(i) = v + 7*i - 7 + 0 + 3 + i**2. What is g(-7)?
-4
Let i(y) = -y + 2. Suppose -15 = u - 12. Let x be 3/u - (-4)/2. Determine i(x).
1
Let x = -1 + 1. Let s(w) = -w + 30 + 28 - 119 + 29 + 27. Calculate s(x).
-5
Let h(w) = w**2 - 23*w + 138. Let g be h(11). Let o(x) = -2*x**2 + 7*x + 6. Determine o(g).
-24
Let c(b) = -80*b + 45. Let r(k) = -9*k + 5. Let p(t) = -4*c(t) + 35*r(t). Let n = 1987 - 1981. Give p(n).
25
Let z(q) = 8*q + 21. Let c(d) = 3*d + 9. Let g(m) = -9*c(m) + 4*z(m). Calculate g(4).
23
Let l(g) = -g + 12. Let j(r) = 5*r - 40. Let k(q) = j(q) + 4*l(q). Determine k(5).
13
Let n(i) = -i**2 + 20 + 0*i**2 - i - i + 3*i + 2*i. Calculate n(-4).
-8
Let m(i) = i**2 + 6*i - 1. Let c = -9 - -39. Let h = 34 - c. Suppose 3*s + 19 = -3*z + 4*z, z + 16 = -h*s. Give m(s).
-6
Let h(u) = -u**3 + 9*u**2 - 10*u + 9. Suppose -q = q + 3*d - 4, d - 4 = -q. Give h(q).
-7
Suppose 0 = m - 6 - 5. Let g = m - 8. Let c(u) be the third derivative of -u**6/120 + u**5/20 - u**4/24 + u**3/6 - 6*u**2. Determine c(g).
-2
Suppose b = 3*t - 238, 0 = -5*b - 20 - 0. Let y be t/(-4)*12/(-18). Let x = y - 18. Let u(f) = -f**3 - 6*f**2 - 2*f + 6. Calculate u(x).
-9
Let j(p) = p - 10. Suppose 26*x - 39*x + 208 = 0. Calculate j(x).
6
Suppose -5*l - 4*f = -2*l - 44, -5*l + f = -104. Let g = l + -14. Let n(b) = 3 - g - b + 3. Give n(6).
-6
Let z(v) be the second derivative of -v**4/12 + v**3/3 + 13*v. Calculate z(-2).
-8
Let h(c) = -1 + 53*c**2 - 54*c**2 + 1. Let r(k) = 5*k**2 - 2*k - 1. Let z be 1/(2 + -1 + 0). Let g(v) = z*r(v) + 2*h(v). Determine g(-1).
4
Let h = -7 - -7. Suppose -4*x - 2*x + 18 = h. Suppose -5 = -x*f - 11. Let c(y) = -2*y. Calculate c(f).
4
Let b(m) = 3*m**2 + 28*m + 10. Let p(q) = 2*q**2 + 17*q + 5. Let f(k) = -3*b(k) + 5*p(k). Suppose -4 + 0 = t. Calculate f(t).
7
Let m be 1*(3 + 1) - 0. Let p(t) = -9*t + m*t + t - 3 + 3*t. Calculate p(3).
-6
Suppose 18 = 4*s - 2*g, -14*s = -12*s + 2*g. Let b(n) = n**2 - 3*n + 7. Calculate b(s).
7
Let v(r) = -8 + 3*r**2 + 5*r**2 - 2*r**2 - r + r**3 + r**2. What is v(-7)?
-1
Let h = -14 + 21. Suppose b - 3 = -3*n, 4*n + 0*b + 5*b = -7. Let r(m) = 6 - 1 + 6*m - n - m**2. Give r(h).
-4
Let o(l) = -3*l. Let s = -3 - 3. Suppose -5*m - 20 = 20. Let q be s/(-4)*m/12. Determine o(q).
3
Let m be (-1)/4 - 23/4. Let d = 4 + m. Let h(y) be the first derivative of y**2 - 2*y - 140. Give h(d).
-6
Let u(b) = -b**3 - b**2 + 2*b - 3. Let a = 40 + -33. Let z = a + -10. Calculate u(z).
9
Let o(d) = 6*d 